{"id":785,"date":"2021-02-12T09:34:31","date_gmt":"2021-02-12T08:34:31","guid":{"rendered":"http:\/\/www.ottosaxinger.com\/?page_id=785"},"modified":"2025-07-17T11:33:25","modified_gmt":"2025-07-17T09:33:25","slug":"kontakt-impressum","status":"publish","type":"page","link":"https:\/\/www.ottosaxinger.at\/foto-grafik\/kontakt-impressum\/","title":{"rendered":"Kontakt\/Impressum"},"content":{"rendered":"<section id=\"builder-section-1485336846155\" class=\"builder-section-first builder-section builder-section-text builder-section-last builder-text-columns-2\" style=\"background-repeat: repeat; background-position: center center;\">\n<div class=\"builder-section-content\">\n<div class=\"builder-text-row\">\n<div id=\"builder-section-1485336846155-column-1\" class=\"builder-text-column builder-text-column-1\">\n<div class=\"builder-text-content\">\n<p class=\"paragraph_style_1\"><strong>Mag. Otto-Berthold Saxinger<\/strong><\/p>\n<p>Fotografie, Grafik, Kunstprojekte<\/p>\n<p>A &#8211; 4040 Linz<\/p>\n<p class=\"paragraph_style_1\">Email: ottosaxinger@gmx.at<\/p>\n<p class=\"paragraph_style_1\">0 (043) 699 &#8211; 12635232<\/p>\n<p class=\"paragraph_style_1\">UID: ATU 466 999 06<\/p>\n<p>.<\/p>\n<\/div>\n<div class=\"builder-text-content\">\n<p class=\"paragraph_style_2\"><strong>Referenz-Auswahl:<\/strong><\/p>\n<p><a title=\"http:\/\/www.stifter-haus.at\/\" href=\"http:\/\/www.stifter-haus.at\/\" target=\"_blank\" rel=\"noopener noreferrer\">Adalbert-Stifter-Institut Linz<\/a><\/p>\n<p><a href=\"https:\/\/kunstraum.at\/\">Kunstraum Goethestr. xtd<\/a><\/p>\n<p>ILG \/ Stadt Linz<\/p>\n<p>Kammerhof-Museum Gmunden<\/p>\n<p><a title=\"http:\/\/www.fdr.at\" href=\"http:\/\/www.fdr.at\/\" target=\"_blank\" rel=\"noopener noreferrer\">Festival der Regionen<\/a><\/p>\n<p class=\"paragraph_style_2\"><a title=\"http:\/\/http:\/\/www.monikapichler.at\/\" href=\"http:\/\/esslinger.servus.at\/\" target=\"_blank\" rel=\"noopener noreferrer\">Astrid Esslinger, Kunst<\/a><\/p>\n<p class=\"paragraph_style_2\"><a title=\"http:\/\/www.michaellauss.de\" href=\"http:\/\/www.michaellauss.de\/\" target=\"_blank\" rel=\"noopener noreferrer\">Michael Lauss<\/a><\/p>\n<p class=\"paragraph_style_2\"><a title=\"http:\/\/www.reitinger.co.at\" href=\"http:\/\/www.gartenverde.at\" target=\"_blank\" rel=\"noopener noreferrer\">GartenVerde Gmbh<\/a><\/p>\n<p class=\"paragraph_style_2\"><a title=\"http:\/\/www.ok-centrum.at\" href=\"http:\/\/www.ok-centrum.at\/\" target=\"_blank\" rel=\"noopener noreferrer\">OK-Offenes Kulturhaus O\u00d6.\u00a0<\/a><\/p>\n<p class=\"paragraph_style_2\"><a title=\"http:\/\/www.hauer-heinrich.de\" href=\"http:\/\/www.hauer-heinrich.de\/\" target=\"_blank\" rel=\"noopener noreferrer\">Werbeagentur Hauer-Heinrich \/ Passau<\/a><\/p>\n<p class=\"paragraph_style_2\">O\u00d6. Landesbibliothek Linz<\/p>\n<p class=\"paragraph_style_2\">Kulturdirektion des Landes O\u00d6.<\/p>\n<p class=\"paragraph_style_2\">Kunstuniversit\u00e4t Linz<\/p>\n<p class=\"paragraph_style_2\"><a href=\"https:\/\/ars.electronica.art\/news\/\" target=\"_blank\" rel=\"noopener noreferrer\">Ars Electronica Center Linz<\/a><\/p>\n<p class=\"paragraph_style_2\"><a title=\"http:\/\/www.jazzatelier.at\" href=\"http:\/\/www.jazzatelier.at\/\">Jazzatelier Ulrichsberg<\/a><\/p>\n<p class=\"paragraph_style_2\">Landestheater Linz<\/p>\n<p class=\"paragraph_style_2\"><a title=\"http:\/\/museum-ooe.evang.at\/\" href=\"http:\/\/museum-ooe.evang.at\/\" target=\"_blank\" rel=\"noopener noreferrer\">Evangelisches Museum Rutzenmoos<\/a><\/p>\n<p class=\"paragraph_style_2\"><a title=\"http:\/\/http:\/\/www.monikapichler.at\/\" href=\"https:\/\/www.trauerwaren.at\/\" target=\"_blank\" rel=\"noopener noreferrer\">Thomas Steininger Trauerwaren \/ Mauthausen<\/a><\/p>\n<p class=\"paragraph_style_2\"><a title=\"http:\/\/http:\/\/www.monikapichler.at\/\" href=\"http:\/\/http\/\/www.monikapichler.at\/\">Monika Pichler, Kunst<\/a><\/p>\n<p><a href=\"https:\/\/www.kasberger-metalltechnik.at\/\">Kasberger Metalltechnik<\/a><\/p>\n<p class=\"paragraph_style_2\">Hirnholz &#8211; Tischlerei Kramer \/ Sarleinsbach<\/p>\n<p class=\"paragraph_style_2\">Schwarzm\u00fcller \/ Hanzing<\/p>\n<p class=\"paragraph_style_2\">Adolf Pr\u00e4g GmbH \/ Kempten\/D<\/p>\n<p class=\"paragraph_style_2\">Draxinger GmbH \/ Hauzenberg\/D<\/p>\n<\/div>\n<\/div>\n<div id=\"builder-section-1485336846155-column-2\" class=\"builder-text-column builder-text-column-2\">\n<div class=\"builder-text-content\">\n<div id=\"id3\" class=\"style_SkipStroke shape-with-text\">.<\/div>\n<div id=\"id4\" class=\"style_SkipStroke shape-with-text\">\n<div class=\"text-content graphic_textbox_layout_style_default_External_854_58\">\n<div class=\"graphic_textbox_layout_style_default\">\n<p class=\"paragraph_style_3\">\u00a9 Alle Fotografien und s\u00e4mtliche Inhalte auf dieser Website sind urheberrechtlich gesch\u00fctzt. Wenn Sie Interesse haben an meiner Arbeit, bitte ich, mit mir Kontakt aufzunehmen. F\u00fcr Inhalte von verlinkten Seiten \u00fcbernehme ich keinerlei Verantwortung!<\/p>\n<\/div>\n<\/div>\n<\/div>\n<\/div>\n<\/div>\n<\/div>\n<\/div>\n<\/section>\n","protected":false},"excerpt":{"rendered":"<p>Mag. Otto-Berthold Saxinger Fotografie, Grafik, Kunstprojekte A &#8211; 4040 Linz Email: ottosaxinger@gmx.at 0 (043) 699 &#8211; 12635232 UID: ATU 466 999 06 . Referenz-Auswahl: Adalbert-Stifter-Institut Linz Kunstraum Goethestr. xtd ILG \/ Stadt Linz Kammerhof-Museum Gmunden Festival der Regionen Astrid Esslinger, Kunst Michael Lauss GartenVerde Gmbh OK-Offenes Kulturhaus O\u00d6.\u00a0 Werbeagentur Hauer-Heinrich \/ Passau O\u00d6. Landesbibliothek Linz&hellip; <a class=\"more-link\" href=\"https:\/\/www.ottosaxinger.at\/foto-grafik\/kontakt-impressum\/\"><span class=\"screen-reader-text\">Kontakt\/Impressum<\/span> weiterlesen<\/a><\/p>\n","protected":false},"author":1,"featured_media":0,"parent":0,"menu_order":0,"comment_status":"closed","ping_status":"closed","template":"template-builder.php","meta":{"footnotes":""},"class_list":["post-785","page","type-page","status-publish","hentry","entry"],"_links":{"self":[{"href":"https:\/\/www.ottosaxinger.at\/foto-grafik\/wp-json\/wp\/v2\/pages\/785","targetHints":{"allow":["GET"]}}],"collection":[{"href":"https:\/\/www.ottosaxinger.at\/foto-grafik\/wp-json\/wp\/v2\/pages"}],"about":[{"href":"https:\/\/www.ottosaxinger.at\/foto-grafik\/wp-json\/wp\/v2\/types\/page"}],"author":[{"embeddable":true,"href":"https:\/\/www.ottosaxinger.at\/foto-grafik\/wp-json\/wp\/v2\/users\/1"}],"replies":[{"embeddable":true,"href":"https:\/\/www.ottosaxinger.at\/foto-grafik\/wp-json\/wp\/v2\/comments?post=785"}],"version-history":[{"count":7,"href":"https:\/\/www.ottosaxinger.at\/foto-grafik\/wp-json\/wp\/v2\/pages\/785\/revisions"}],"predecessor-version":[{"id":1095,"href":"https:\/\/www.ottosaxinger.at\/foto-grafik\/wp-json\/wp\/v2\/pages\/785\/revisions\/1095"}],"wp:attachment":[{"href":"https:\/\/www.ottosaxinger.at\/foto-grafik\/wp-json\/wp\/v2\/media?parent=785"}],"curies":[{"name":"wp","href":"https:\/\/api.w.org\/{rel}","templated":true}]}}

<section id="builder-section-1485336846155" class="builder-section-first builder-section builder-section-text builder-section-last builder-text-columns-2" style="background-repeat: repeat; background-position: center center;">
<div class="builder-section-content">
<div class="builder-text-row">
<div id="builder-section-1485336846155-column-1" class="builder-text-column builder-text-column-1">
<div class="builder-text-content">
<p class="paragraph_style_1"><strong>Mag. Otto-Berthold Saxinger</strong></p>
<p>Fotografie, Grafik, Kunstprojekte</p>
<p>A &#8211; 4040 Linz</p>
<p class="paragraph_style_1">Email: ottosaxinger@gmx.at</p>
<p class="paragraph_style_1">0 (043) 699 &#8211; 12635232</p>
<p class="paragraph_style_1">UID: ATU 466 999 06</p>
<p>.</p>
</div>
<div class="builder-text-content">
<p class="paragraph_style_2"><strong>Referenz-Auswahl:</strong></p>
<p><a title="http://www.stifter-haus.at/" href="http://www.stifter-haus.at/" target="_blank" rel="noopener noreferrer">Adalbert-Stifter-Institut Linz</a></p>
<p><a href="https://kunstraum.at/">Kunstraum Goethestr. xtd</a></p>
<p>ILG / Stadt Linz</p>
<p>Kammerhof-Museum Gmunden</p>
<p><a title="http://www.fdr.at" href="http://www.fdr.at/" target="_blank" rel="noopener noreferrer">Festival der Regionen</a></p>
<p class="paragraph_style_2"><a title="http://http://www.monikapichler.at/" href="http://esslinger.servus.at/" target="_blank" rel="noopener noreferrer">Astrid Esslinger, Kunst</a></p>
<p class="paragraph_style_2"><a title="http://www.michaellauss.de" href="http://www.michaellauss.de/" target="_blank" rel="noopener noreferrer">Michael Lauss</a></p>
<p class="paragraph_style_2"><a title="http://www.reitinger.co.at" href="http://www.gartenverde.at" target="_blank" rel="noopener noreferrer">GartenVerde Gmbh</a></p>
<p class="paragraph_style_2"><a title="http://www.ok-centrum.at" href="http://www.ok-centrum.at/" target="_blank" rel="noopener noreferrer">OK-Offenes Kulturhaus OÖ. </a></p>
<p class="paragraph_style_2"><a title="http://www.hauer-heinrich.de" href="http://www.hauer-heinrich.de/" target="_blank" rel="noopener noreferrer">Werbeagentur Hauer-Heinrich / Passau</a></p>
<p class="paragraph_style_2">OÖ. Landesbibliothek Linz</p>
<p class="paragraph_style_2">Kulturdirektion des Landes OÖ.</p>
<p class="paragraph_style_2">Kunstuniversität Linz</p>
<p class="paragraph_style_2"><a href="https://ars.electronica.art/news/" target="_blank" rel="noopener noreferrer">Ars Electronica Center Linz</a></p>
<p class="paragraph_style_2"><a title="http://www.jazzatelier.at" href="http://www.jazzatelier.at/">Jazzatelier Ulrichsberg</a></p>
<p class="paragraph_style_2">Landestheater Linz</p>
<p class="paragraph_style_2"><a title="http://museum-ooe.evang.at/" href="http://museum-ooe.evang.at/" target="_blank" rel="noopener noreferrer">Evangelisches Museum Rutzenmoos</a></p>
<p class="paragraph_style_2"><a title="http://http://www.monikapichler.at/" href="https://www.trauerwaren.at/" target="_blank" rel="noopener noreferrer">Thomas Steininger Trauerwaren / Mauthausen</a></p>
<p class="paragraph_style_2"><a title="http://http://www.monikapichler.at/" href="http://http//www.monikapichler.at/">Monika Pichler, Kunst</a></p>
<p><a href="https://www.kasberger-metalltechnik.at/">Kasberger Metalltechnik</a></p>
<p class="paragraph_style_2">Hirnholz &#8211; Tischlerei Kramer / Sarleinsbach</p>
<p class="paragraph_style_2">Schwarzmüller / Hanzing</p>
<p class="paragraph_style_2">Adolf Präg GmbH / Kempten/D</p>
<p class="paragraph_style_2">Draxinger GmbH / Hauzenberg/D</p>
</div>
</div>
<div id="builder-section-1485336846155-column-2" class="builder-text-column builder-text-column-2">
<div class="builder-text-content">
<div id="id3" class="style_SkipStroke shape-with-text">.</div>
<div id="id4" class="style_SkipStroke shape-with-text">
<div class="text-content graphic_textbox_layout_style_default_External_854_58">
<div class="graphic_textbox_layout_style_default">
<p class="paragraph_style_3">© Alle Fotografien und sämtliche Inhalte auf dieser Website sind urheberrechtlich geschützt. Wenn Sie Interesse haben an meiner Arbeit, bitte ich, mit mir Kontakt aufzunehmen. Für Inhalte von verlinkten Seiten übernehme ich keinerlei Verantwortung!</p>
</div>
</div>
</div>
</div>
</div>
</div>
</div>
</section>

<p>Mag. Otto-Berthold Saxinger Fotografie, Grafik, Kunstprojekte A &#8211; 4040 Linz Email: ottosaxinger@gmx.at 0 (043) 699 &#8211; 12635232 UID: ATU 466 999 06 . Referenz-Auswahl: Adalbert-Stifter-Institut Linz Kunstraum Goethestr. xtd ILG / Stadt Linz Kammerhof-Museum Gmunden Festival der Regionen Astrid Esslinger, Kunst Michael Lauss GartenVerde Gmbh OK-Offenes Kulturhaus OÖ.  Werbeagentur Hauer-Heinrich / Passau OÖ. Landesbibliothek Linz&hellip; <a class="more-link" href="https://www.ottosaxinger.at/foto-grafik/kontakt-impressum/"><span class="screen-reader-text">Kontakt/Impressum</span> weiterlesen</a></p>
